0.
2, 5, 11, 17
List the prime factors of 42382.
2, 21191
List the prime factors of 12763.
12763
What are the prime factors of 1524?
2, 3, 127
List the prime factors of 1271.
31, 41
What are the prime factors of 24635?
5, 13, 379
What are the prime factors of 16562?
2, 7, 13
List the prime factors of 105801.
3, 35267
List the prime factors of 8746.
2, 4373
List the prime factors of 668.
2, 167
List the prime factors of 1537.
29, 53
What are the prime factors of 254?
2, 127
List the prime factors of 1562.
2, 11, 71
What are the prime factors of 1113?
3, 7, 53
List the prime factors of 2799.
3, 311
List the prime factors of 153.
3, 17
What are the prime factors of 22892?
2, 59, 97
What are the prime factors of 98514?
2, 3, 13, 421
What are the prime factors of 20040?
2, 3, 5, 167
What are the prime factors of 5416?
2, 677
List the prime factors of 1419.
3, 11, 43
List the prime factors of 4929.
3, 31, 53
List the prime factors of 16482.
2, 3, 41, 67
List the prime factors of 28275.
3, 5, 13, 29
List the prime factors of 12289.
12289
What are the prime factors of 11308?
2, 11, 257
What are the prime factors of 6639?
3, 2213
What are the prime factors of 93093?
3, 7, 11, 13, 31
What are the prime factors of 16638?
2, 3, 47, 59
List the prime factors of 11198.
2, 11, 509
List the prime factors of 2629.
11, 239
What are the prime factors of 483?
3, 7, 23
List the prime factors of 6209.
7, 887
What are the prime factors of 1636?
2, 409
What are the prime factors of 37262?
2, 31, 601
List the prime factors of 518.
2, 7, 37
What are the prime factors of 14498?
2, 11, 659
List the prime factors of 33271.
7, 97
List the prime factors of 55919.
199, 281
What are the prime factors of 54941?
54941
What are the prime factors of 31559?
11, 19, 151
What are the prime factors of 27662?
2, 13831
What are the prime factors of 169?
13
What are the prime factors of 14296?
2, 1787
What are the prime factors of 4970?
2, 5, 7, 71
What are the prime factors of 895?
5, 179
What are the prime factors of 19?
19
What are the prime factors of 60?
2, 3, 5
List the prime factors of 22093.
22093
List the prime factors of 4190.
2, 5, 419
What are the prime factors of 7184?
2, 449
List the prime factors of 1549.
1549
List the prime factors of 59402.
2, 7, 4243
List the prime factors of 135224.
2, 16903
List the prime factors of 537.
3, 179
List the prime factors of 23.
23
List the prime factors of 135976.
2, 23, 739
List the prime factors of 6140.
2, 5, 307
What are the prime factors of 8135?
5, 1627
What are the prime factors of 5470?
2, 5, 547
List the prime factors of 89606.
2, 11, 4073
List the prime factors of 8641.
8641
List the prime factors of 59975.
5, 2399
List the prime factors of 3020.
2, 5, 151
List the prime factors of 1192.
2, 149
What are the prime factors of 530?
2, 5, 53
What are the prime factors of 2707?
2707
List the prime factors of 3304.
2, 7, 59
What are the prime factors of 302?
2, 151
What are the prime factors of 11956?
2, 7, 61
List the prime factors of 13322.
2, 6661
What are the prime factors of 4868?
2, 1217
List the prime factors of 103296.
2, 3, 269
List the prime factors of 7548.
2, 3, 17, 37
What are the prime factors of 1153?
1153
What are the prime factors of 544?
2, 17
What are the prime factors of 854?
2, 7, 61
List the prime factors of 7769.
17, 457
List the prime factors of 273.
3, 7, 13
List the prime factors of 837.
3, 31
What are the prime factors of 17380?
2, 5, 11, 79
What are the prime factors of 512?
2
List the prime factors of 1167.
3, 389
What are the prime factors of 91327?
271, 337
List the prime factors of 49932.
2, 3, 19, 73
What are the prime factors of 95468?
2, 29, 823
List the prime factors of 1321.
1321
What are the prime factors of 3286?
2, 31, 53
List the prime factors of 8065.
5, 1613
List the prime factors of 100396.
2, 19, 1321
List the prime factors of 212.
2, 53
What are the prime factors of 9942?
2, 3, 1657
List the prime factors of 4179.
3, 7, 199
List the prime factors of 1799.
7, 257
List the prime factors of 514.
2, 257
List the prime factors of 88476.
2, 3, 73, 101
What are the prime factors of 7750?
2, 5, 31
List the prime factors of 456.
2, 3, 19
What are the prime factors of 1011?
3, 337
What are the prime factors of 29770?
2, 5, 13, 229
What are the prime factors of 1631?
7, 233
List the prime factors of 36172.
2, 9043
What are the prime factors of 6692?
2, 7, 239
What are the prime factors of 4968?
2, 3, 23
What are the prime factors of 9621?
3, 1069
What are the prime factors of 2511?
3, 31
What are the prime factors of 4471?
17, 263
What are the prime factors of 27992?
2, 3499
What are the prime factors of 69798?
2, 3, 11633
List the prime factors of 2838.
2, 3, 11, 43
List the prime factors of 12627.
3, 23, 61
List the prime factors of 1723.
1723
What are the prime factors of 17681?
17681
What are the prime factors of 24232?
2, 13, 233
List the prime factors of 12950.
2, 5, 7, 37
What are the prime factors of 1414?
2, 7, 101
List the prime factors of 2032.
2, 127
What are the prime factors of 61227?
3, 6803
What are the prime factors of 64176?
2, 3, 7, 191
What are the prime factors of 12031?
53, 227
List the prime factors of 2500.
2, 5
What are the prime factors of 5483?
5483
List the prime factors of 122.
2, 61
What are the prime factors of 64911?
3, 7, 11, 281
List the prime factors of 639.
3, 71
What are the prime factors of 2254?
2, 7, 23
List the prime factors of 8521.
8521
List the prime factors of 4728.
2, 3, 197
What are the prime factors of 2343?
3, 11, 71
What are the prime factors of 41981?
41981
What are the prime factors of 508?
2, 127
What are the prime factors of 19611?
3, 2179
What are the prime factors of 1047?
3, 349
What are the prime factors of 1311?
3, 19, 23
List the prime factors of 16752.
2, 3, 349
List the prime factors of 338.
2, 13
What are the prime factors of 6?
2, 3
List the prime factors of 9514.
2, 67, 71
What are the prime factors of 87420?
2, 3, 5, 31, 47
What are the prime factors of 158079?
3, 23, 29, 79
List the prime factors of 1566.
2, 3, 29
List the prime factors of 82345.
5, 43, 383
What are the prime factors of 460?
2, 5, 23
List the prime factors of 463.
463
List the prime factors of 81903.
3, 23, 1187
What are the prime factors of 1039?
1039
What are the prime factors of 1717?
17, 101
What are the prime factors of 136308?
2, 3, 37, 307
What are the prime factors of 81181?
81181
What are the prime factors of 60489?
3, 11, 13, 47
List the prime factors of 25156.
2, 19, 331
List the prime factors of 27769.
7, 3967
What are the prime factors of 288?
2, 3
What are the prime factors of 56380?
2, 5, 2819
What are the prime factors of 686?
2, 7
What are the prime factors of 71642?
2, 113, 317
What are the prime factors of 438?
2, 3, 73
List the prime factors of 32543.
7, 4649
List the prime factors of 8098.
2, 4049
List the prime factors of 1383.
3, 461
What are the prime factors of 23675?
5, 947
What are the prime factors of 909?
3, 101
What are the prime factors of 782?
2, 17, 23
What are the prime factors of 54779?
54779
List the prime factors of 1710.
2, 3, 5, 19
What are the prime factors of 177518?
2, 11, 8069
What are the prime factors of 29935?
5, 5987
What are the prime factors of 43217?
23, 1879
What are the prime factors of 361?
19
What are the prime factors of 3330?
2, 3, 5, 37
List the prime factors of 53009.
11, 61, 79
List the prime factors of 80872.
2, 11, 919
What are the prime factors of 1289?
1289
What are the prime factors of 19002?
2, 3, 3167
List the prime factors of 1562.
2, 11, 71
List the prime factors of 59788.
2, 14947
List the prime factors of 14860.
2, 5, 743
What are the prime factors of 21867?
3, 37, 197
List the prime factors of 34380.
2, 3, 5, 191
What are the prime factors of 836?
2, 11, 19
What are the prime factors of 949?
13, 73
List the prime factors of 30627.
3, 41, 83
List the prime factors of 1692.
2, 3, 47
List the prime factors of 3919.
3919
What are the prime factors of 2764?
2, 691
What are the prime factors of 1583?
1583
List the prime factors of 79.
79
List the prime factors of 2918.
2, 1459
What are the prime factors of 56657?
53, 1069
List the prime factors of 18800.
2, 5, 47
What are the prime factors of 4154?